)/(-18)). Suppose -2*r - 4*d = 10 + 6, n*r + 4*d = -22. What is the units digit of (80/r)/((-6)/18)?
0
Let m(r) = 215*r - 271. What is the units digit of m(11)?
4
Suppose -633 - 3847 = -10*k. What is the hundreds digit of k?
4
Let k be -86*((-2)/(-4) + -2). Let j = k + -62. What is the units digit of j?
7
Let s(m) = 118*m - 13. What is the tens digit of s(8)?
3
Let c(i) = 4*i**2 + i - 4 + 7*i**3 + 3*i**2 - 8*i**3. What is the units digit of c(7)?
3
Let d = -3 + -77. What is the tens digit of ((-39)/12)/((-4)/d)*-1?
6
Let x(f) = f**3 - 16*f**2 + 16*f - 10. Let y be x(15). Suppose 45 = 5*o - 3*o + 3*v, -123 = -4*o + y*v. What is the tens digit of o?
2
Suppose -5*h + 2*h = -45. Let w(u) = u - 14. Let o be w(h). What is the units digit of -4*o*(-77)/28?
1
Let p = 63 - -907. What is the hundreds digit of p?
9
What is the tens digit of 3 + 1 - (-2175 + 13)?
6
Suppose 0 = 3*j + 8 - 20. Suppose -j*v - 3*s + 72 = 22, -3*v - s = -40. What is the tens digit of ((-469)/v)/((-2)/4)?
6
Let k be 26/(-3) + (-2)/6. Let g = 16 + k. What is the units digit of g?
7
Suppose 6*s - 854 = 1690. Let w = 636 - s. What is the tens digit of w?
1
Suppose 20*r + 15*r = 24955. What is the units digit of r?
3
Let y(v) = 316*v**2 + 5*v - 17. What is the tens digit of y(2)?
5
Let s(z) be the third derivative of z**5/60 + z**4/4 + z**3 - 14*z**2. Let u be 14/(-2) + 0 + 1. What is the units digit of s(u)?
6
Let k = 454 + -445. What is the units digit of k?
9
Suppose -19*q + 69 = -18*q. What is the tens digit of q?
6
Suppose 176 = -2*m + 4*g, -2*m = -0*m + 4*g + 144. Let l = -25 - m. What is the units digit of l?
5
Suppose 0 = -6*b + b + 10. Suppose -k + 5*l = -181, 5*k - l = -b*l + 1035. What is the hundreds digit of k?
2
Suppose 0 = -5*a + 3*l - 119 + 483, 5*l = -15. Suppose -5*z + z = -5*w + a, -z = -1. Let h = -4 + w. What is the units digit of h?
1
Suppose 4*z - 2*c - 15 + 1 = 0, 4*z - 4*c = 12. Suppose m + 0 = z. What is the tens digit of 1/4 + 267/m?
6
Suppose 0*l + 5*f = 5*l - 2445, 2*l - 966 = 5*f. What is the hundreds digit of l?
4
Suppose 20*b - 5335 = 31685. What is the tens digit of b?
5
Let d = -178 - -271. What is the units digit of d?
3
Let v = 1842 - 1217. What is the units digit of v?
5
Let b = 118 - 118. What is the units digit of b + 72/15 + (-8)/10?
4
Suppose 0 = m - 3*m + 16. Suppose -2*z - 96 = -5*z. Suppose -7*q - z = -m*q. What is the tens digit of q?
3
Suppose 5*a = 3*x + 34, 4*x + 26 = 4*a - 6. Suppose -a*p - h + 457 + 45 = 0, -5*p = 3*h - 496. What is the units digit of p?
1
Let a(r) = r**3 + 14*r**2 + 23. Let u be a(-14). Suppose 139 = 3*g - 4*c, 80 = 3*g + 5*c - u. What is the tens digit of g?
4
Let s(a) = a**3 - 16*a**2 - 15*a - 22. Let l be s(17). What is the units digit of (4/l)/(1/12)?
4
Let r(u) = -u**3 - 4*u**2 + 2*u + 2. Let d be r(-4). What is the tens digit of (-477)/(-6) + d/(-4)?
8
Suppose -36*m - 2799 = -39*m. What is the units digit of m?
3
What is the units digit of (-2 - -2 - (-7 + 11)) + 574?
0
Suppose 2482 = 9*b - 146. What is the hundreds digit of b?
2
Suppose -1701 = -3*j + u, 0 = 5*j - 3*u - 1941 - 890. Let q be j/64 - 1/(-8). Let p = 18 + q. What is the units digit of p?
7
Let a(c) be the first derivative of c**3/3 + 9*c**2/2 - 26*c + 11. What is the tens digit of a(-13)?
2
Let w = -12 - -19. Let g = -40 - -19. What is the tens digit of (-4)/(-2) - (g - w)?
3
Suppose -3*p - 2*p + 5*s = -135, -2*s = -3*p + 80. Suppose -34 = -3*w + p. Suppose 10 = k - 3*n, 0*k + w = 2*k + 3*n. What is the tens digit of k?
1
Suppose 2*y - 4*j + 58 = 24, y + 13 = j. Let w = y + -12. Let v = w + 49. What is the tens digit of v?
2
Let i = -19 - -529. What is the hundreds digit of i?
5
Let q = -200 + 437. Suppose 0 = -2*g - 65 + q. What is the tens digit of g?
8
Let r(o) = -o**2 + 4*o + 5. Let n be r(4). Let x(m) = 3*m + 37. Let z be x(-11). Suppose n*v = z*i - 140, 5*i + 34 - 196 = 3*v. What is the units digit of i?
0
Suppose 3*z - 5 = 1. Let a(x) = -14*x + 2*x**3 + 5*x**2 + 12 - 9*x**2 - 10*x**z - 3*x**3. What is the tens digit of a(-13)?
2
Let t(s) = -2*s**3 - 13*s**2 - 2*s + 3. Let i(q) = q**3 + 6*q**2 + q - 1. Let g(f) = -9*i(f) - 4*t(f). Let z be (-4)/(2/6*3). What is the tens digit of g(z)?
3
Let u(j) = -13*j - 40. Let i be (-12)/1*(-4)/(-8). What is the tens digit of u(i)?
3
Let l(n) = -12*n**3 - 2*n**2 - 3. Let d be l(-2). Suppose -3*s + 38 + d = 0. What is the tens digit of s?
4
Let t = 1723 + -1184. What is the tens digit of 1796/30 - (t/(-105) + 5)?
6
Let j = 81 - 26. Suppose -59*o = -j*o - 828. What is the tens digit of o?
0
Let m(a) = -17*a**2 + 6*a - 10. Let s(y) = -9*y**2 + 3*y - 5. Let c(z) = -6*m(z) + 11*s(z). What is the units digit of c(-4)?
5
Let h(o) = 5*o + 23. Let p be h(-4). Suppose p*l - 4*l + 199 = 0. What is the tens digit of l?
9
What is the units digit of 18875/15 + 40/(-30) + 2?
9
Let k(g) = 4*g. Let s be k(-2). Let x(u) = 13*u + 2*u + 8*u + 2*u + 15 - 24*u. What is the units digit of x(s)?
7
Suppose z + 379 = 5*k + 4*z, -235 = -3*k + 2*z. Let c = k - -28. What is the tens digit of c?
0
Suppose -x + t = -16 + 4, -24 = -x + 4*t. Let q = x + -3. Suppose -12 = q*p - 17. What is the units digit of p?
1
Let n(h) = 2*h + 3. Suppose -p - 2*x = -7*x + 9, -10 = -2*p + 3*x. Let j(q) = -q**2 + 13*q - 14. Let i be j(p). What is the tens digit of n(i)?
1
Let u = -34 + 31. Let a(j) = -24*j - 7. What is the units digit of a(u)?
5
Suppose 3*r + 0*p + 22 = 4*p, 2*r + 16 = 4*p. What is the units digit of (645/10)/(-3)*r?
9
Let q(o) = -o**3 - o**2 + 2*o + 1. Let n be q(-2). Let m be n + 20 + (0 - 3). Suppose -2*s + w + m = -18, 4*s = -4*w + 60. What is the tens digit of s?
1
Suppose 3*v - 5*s = 13062, 7*v + s - 21742 = 2*v. What is the hundreds digit of v?
3
Let c = 10 + -19. Let s be (-24)/c*81/2. Suppose 2*d + d = s. What is the tens digit of d?
3
Let d(o) = -3*o - 5. Let s be d(-3). Suppose l = 3*l - 3*w - 9, 0 = -4*w - s. What is the units digit of l?
3
Suppose 3990 = 8*d - 42. What is the units digit of d?
4
Suppose -6*y = 6*y - 72. What is the units digit of (-4 - (-112)/18) + y/(-27)?
2
Let a(w) = 8*w**2 + 7*w - 3. Let d be a(5). Suppose -2*q = 6*q - d. What is the units digit of q?
9
What is the tens digit of (96/(-12))/((-4)/1847)?
9
Let i = 6 + -3. Let n = 4 - i. Suppose n = k - 5. What is the units digit of k?
6
Let f(i) = 2*i**2 - 2*i + 3. Let g be f(-2). Suppose -g*l = -1306 - 1274. What is the tens digit of l?
7
Let q(m) = -m**3 - 5*m**2 + 13*m - 7. Let a be q(-8). Suppose a = -16*l + 3489. What is the tens digit of l?
1
Suppose -7*y = -3*y - 2400. Suppose 0 = -3*x - 2*x + y. What is the units digit of x?
0
Let z be -2*(-2)/4 - -59. Suppose -2*o = -5*o - z. What is the units digit of 1/(-5) + (-164)/o?
8
Let k = -633 - -973. What is the tens digit of k?
4
Let a(s) = -s**2 + 1. Let r be a(-2). Let j = r + 21. What is the units digit of j?
8
Let q(s) = 70 - 8*s + 11 - 15. What is the units digit of q(-15)?
6
Suppose -354 = -v + 2*l - 0*l, -4*l - 1776 = -5*v. What is the hundreds digit of v?
3
Let w(v) = -v**2 + 66*v + 15. What is the hundreds digit of w(63)?
2
Let x = -12 - -17. Suppose j - 3*q - 156 = -j, x*q = 0. What is the tens digit of j?
7
Suppose -y + 116 = -n + 582, -2*n = 2*y - 916. Suppose -7*k + 4*k = -n. What is the units digit of k?
4
Let y be (-822)/(-30) - (-9)/15. Suppose 3*k = -2*j - 69, -k = j - 6*j - 198. Let a = y - j. What is the units digit of a?
7
Suppose 97 = 4*q + 9. Suppose 0 = -5*r - q - 3. What is the tens digit of ((-4)/r)/(11/220)?
1
Let y = 141 - 139. Suppose -y*g - 30 = -310. What is the units digit of g?
0
Suppose 4*r + 5*y - 157 = 0, -r - 2*y + 31 = -6. Let t = r - -23. What is the units digit of t?
6
Let k = -8 + 5. Suppose -189*a = -210*a + 336. What is the tens digit of k/(-6) - (-200)/a?
1
Let z(o) = 486*o**2 + 2*o + 3. What is the hundreds digit of z(-1)?
4
Suppose -5*u - 2*f = -14, -12 = -3*u + 3*f - 6*f. Suppose 0 = 6*w - u*w - 256. Suppose 3*q - 7*q + w = 0. What is the units digit of q?
6
What is the tens digit of ((-678)/(-24))/((-5 - -3)/(-16))?
2
Suppose 0 = -3*b - 0*r + 2*r + 73, -5*b + 125 = -4*r. Suppose -23 - b = h. Let f = 66 + h. What is the units digit of f?
2
Let a(w) = -w**3 + 5*w**2 - 2*w - 4. Let v be a(4). Suppose 2*x = -4, -v*x + 3*x = 2*m - 2. Suppose -m*g + 0*g + 2